ighest common factor of 584 and w?
8
Let u be 2/(3/(((-63)/(-2))/7)). Suppose u*w - 43 = 80. What is the greatest common divisor of 164 and w?
41
Let s be (-195)/20*(-528)/9. Calculate the highest common factor of s and 468.
52
Let s be (-220453)/1335*-1 + (3/(-12) - 14/(-120)). Let a(z) = 25*z - 1. Let i be a(4). Calculate the greatest common divisor of s and i.
33
Let o = -1256 - -1431. What is the greatest common factor of o and 200?
25
Let j(l) = 6*l**2 - 4*l + 3. Let x be j(1). Suppose 0 = -b - 3 + 1, -5*b = x*q - 65. What is the greatest common divisor of q and 75?
15
Let a(s) = -31*s + 51. Let p be a(5). Let q = -70 - p. Suppose 4*h - 2*v - 950 = 0, 0 = h - v + 4*v - 241. What is the greatest common divisor of q and h?
34
Suppose 196*f - 898 - 12725 = 18129. Calculate the highest common factor of 3483 and f.
81
Suppose 0 = 6*n + 646 - 142. Let o = 286 + -156. Let r = n + o. Calculate the greatest common factor of r and 23.
23
Let n be (-10)/8 - (3/(-12))/1. Suppose -5*d + b = -d + 21, -b = -5. Let v be n/12*-3 + (-3)/d. What is the highest common factor of 8 and v?
1
Let c = -2822 - -3007. Calculate the highest common divisor of c and 185.
185
Let n(i) = 8*i + 73. Let u(v) = -102*v - 951. Let o(s) = -54*n(s) - 4*u(s). Let r be o(-7). Calculate the highest common factor of 20 and r.
10
Suppose 5*f - 4*f - 48 = 0. Let h = 48 - f. Suppose 109 = 5*c + u, c + 4*u + 3 - 40 = h. What is the greatest common factor of 7 and c?
7
Let i = 3411 + -3335. What is the highest common divisor of 2812 and i?
76
Let j be ((-6201992)/537)/((-2)/12 + (-2)/4). What is the greatest common factor of 71 and j?
71
Let g = -16 + 22. Let t be (3 - 5 - -3 - 86)*(-15)/25. What is the greatest common divisor of g and t?
3
Let a(i) = 284*i**2 + 92*i - 285. Let k be a(3). What is the greatest common factor of k and 18?
9
Let v(j) = -29*j - 1268. Let c be v(-45). What is the greatest common divisor of 1 and c?
1
Let p = 35 - 21. Suppose 5*r - 12*r = -p. Suppose -2*m = -0*s + s - 10, 4*s = r*m + 30. Calculate the greatest common factor of 1 and s.
1
Let g be 2/(-1) - (-1 + -24). Suppose -4*u + 3*o + 31 = 0, -2*u + 5*o = 2*o - g. Suppose 128*r = 129*r - 44. Calculate the highest common factor of u and r.
4
Suppose -2*d + 240 = -0*d + 4*i, -d + 132 = -i. Let b = 260 - d. What is the highest common factor of b and 12?
12
Let f(p) = -3*p - 16. Let u(z) = -z - 1. Let y(q) = 2*f(q) - 14*u(q). Let t be y(6). What is the greatest common divisor of t and 240?
30
Let d be (11 - 16)*1101/(-15). Calculate the highest common factor of 1 and d.
1
Let n(i) = 2*i**3 + 26*i**2 - 36*i - 40. Let p be n(-14). Suppose -1134*b - p = -1136*b. Calculate the highest common divisor of b and 9.
9
Let j be 735/42*(1*(0 - -6) - 4). Let q be 53/2 - (-1)/(-2). Suppose w - 3 = 0, 3*w = 4*i + i - q. What is the highest common divisor of j and i?
7
Let d = 83 - 79. Suppose 8*c = d*c + 88. Let n = -6 - -61. Calculate the highest common divisor of c and n.
11
Let b(k) = 31*k + 42. Let c be b(-9). Let a = -152 - c. Calculate the highest common divisor of 17 and a.
17
Let u(t) = -t**3 + t**2 - 46*t - 262. Let v be u(-4). What is the highest common factor of 590 and v?
2
Let b(s) = s**2 + s - 1. Let v(i) = -2*i + 34. Let j(y) = b(y) + v(y). Let d be j(0). What is the highest common divisor of 11 and d?
11
Let w = -13602 - -22743. What is the greatest common factor of w and 11?
11
Suppose 0 = -42*w + 8138 - 1586. What is the highest common divisor of 780 and w?
156
Let v = 60 - 59. Let y be 69*(2/6)/v. Let l = y + -12. What is the highest common factor of 33 and l?
11
Suppose 2638 + 2967 = 5*t - d, -4465 = -4*t - 3*d. Calculate the greatest common factor of 35 and t.
35
Let x(k) = -3*k**2 + 55*k + 20. Let y be x(18). Suppose -5*s = 3*t - 1725, -9*t + 4*t - 1685 = -5*s. Calculate the highest common factor of s and y.
38
Suppose -4387 = -25*r + 14363. Calculate the greatest common divisor of r and 975.
75
Suppose -5*h + 266 = -4*c + 1066, -4*c = 5*h - 840. Let q = c + -120. What is the greatest common factor of 68 and q?
17
Let h(u) = -36 - 9*u**2 - 3*u - 2*u + 41. Let y be h(1). Let p be (-222)/y - 10/15. What is the highest common factor of 9 and p?
3
Suppose 48*l - 52*l + 560 = 5*o, -5*o - 700 = -5*l. What is the greatest common factor of 175 and l?
35
Let o = 7622 + -6911. What is the greatest common divisor of o and 790?
79
Suppose 148058 = 6*w + 82*w + 321*w. What is the greatest common factor of w and 18?
2
Let l = -14397 - -14518. Calculate the highest common factor of 176 and l.
11
Suppose 2 = b - 198. Let x be 1/(-6)*-1 + (-13)/6. Let y be -25*(-3 + x + 12/3). What is the highest common factor of b and y?
25
Let v be 1/(-1) + 14 + 0. Let d = -28567 + 28684. What is the greatest common factor of d and v?
13
Suppose 0 = f + 2*o + 18, -o - 32 = 2*f + 2*o. Let a be (-3204)/(-60) - 2/(f/3). Calculate the highest common factor of a and 72.
18
Let n be (-2)/2*(-13 - 0). Suppose t + 23 = 5*v, 5*t + 15 = -0*t. Let l be v/6*(2 - -1) + 11. Calculate the greatest common divisor of l and n.
13
Let s(k) = 4*k + 23. Let i be s(-21). Let t = -36 - i. Suppose z - 29 = t. What is the greatest common factor of 135 and z?
27
Let r be (-12)/(-18) + (-248)/(-31) + 524/6. Calculate the greatest common divisor of 264 and r.
24
Let z(l) = l**2 + 11*l - 5. Let q be z(-26). What is the greatest common factor of 77 and q?
77
Let b = 343 - 299. Suppose k + 3*i = 405, -5*k + 1986 = -i + 3*i. Calculate the greatest common factor of k and b.
44
Let l(u) = -13*u**3 + 4*u**2 - 10*u - 48. Let p be l(-6). Calculate the greatest common factor of 1520 and p.
76
Let p(h) = h**2 + 65*h + 420. Let m be p(-7). Calculate the highest common divisor of 13594 and m.
14
Let s(b) = 9*b - 1. Let h be s(1). Suppose -11*f + 229 - 53 = 0. Suppose 13*p = f*p - 264. What is the highest common factor of h and p?
8
Let v be -6*(-3 - -4) + 3. Let l be -5 - v - -1*16. Let r be 21/28*-2 - 34/(-4). Calculate the highest common divisor of l and r.
7
Suppose 0 = -r - 4 - 4. Let j be (r/(-20))/(1/35). Suppose 103*g + 2266 - 29664 = 0. What is the greatest common factor of g and j?
14
Suppose 14*d = 47*d - 66. Suppose 4*l - 2*j - 176 = 0, 4*l - 141 = -d*j + 51. What is the greatest common divisor of l and 736?
46
Let j = 2904 + -2892. What is the highest common divisor of 4014 and j?
6
Let m = 614 + -352. Let d = m - 102. What is the highest common factor of d and 40?
40
Suppose -4*m - 4*h - 20 = 0, 1 = -5*h - 19. Let s = m - 3. Let z be (s/5)/(((-49)/105)/7). What is the highest common factor of z and 132?
12
Let b be 33/7 - 54/(-189). Suppose d + p = -568 + 1440, -3489 = -4*d - b*p. What is the highest common factor of d and 67?
67
Suppose 42*i - 5076 = 15*i. Suppose -2*x = -3*k - 3*x + 139, x = 4*k - 190. What is the greatest common divisor of i and k?
47
Suppose -19*g + 2*g = -68. Suppose g*z - 3*p - 67 = -8*p, -2*z = p - 29. What is the greatest common divisor of 637 and z?
13
Let c = -9383 + 9693. Calculate the highest common factor of c and 186.
62
Suppose -6*z = -z + 3*s - 9411, 0 = -5*z + 4*s + 9397. Suppose 29*x - z = 18*x. What is the highest common divisor of 114 and x?
57
Suppose -19 = -10*g + 361. Let t be 5/(-3) + g/3. What is the greatest common factor of t and 99?
11
Let g = 63 + -12. Let j = -27 + g. Suppose 0 = -61*c + 14*c + 110*c - 756. What is the highest common factor of c and j?
12
Let p be 2/3 + 476/6. Let u = 471 + -330. Suppose 143*x = u*x + 80. What is the highest common divisor of x and p?
40
Suppose -6 = -0*n - 3*n. Let t(h) = 3 - 2 + 9 - h**2 - n + 18*h. Let w be t(14). What is the greatest common divisor of w and 8?
8
Let t be (-2 + -2 + 5)*1. Let b be (48/(-28))/((-4 - -5)/(-7)). Suppose 0 = b*i + 17*i - 203. Calculate the highest common divisor of i and t.
1
Let o = -10111 + 10199. What is the greatest common factor of o and 7436?
44
Suppose -6*j + 0*m + 321210 = 3*m, -2*m = 4. What is the greatest common factor of 8 and j?
8
Suppose -12*y - 107*y + 1239 = -1022. Suppose -3*d + 73 + 326 = 0. Calculate the highest common factor of d and y.
19
Suppose j - 2*w - 38 = 1, -4*w = 5*j - 181. What is the greatest common divisor of j and 3293?
37
Let r = -55 - -192. Let k = r + -130. Let z(o) = -o**3 + 5*o**2 + o + 2. Let w be z(5). Wh